Let r(p) = 3*b(p) - 8*w(p). What is the units digit of r(f)?
8
Let z(x) = -x**3 + 3*x**2 + 3. Let g be z(3). Suppose 0 = -g*d - l - 73, -3*l = l + 4. What is the units digit of -3*(-2)/d*-12?
3
Let o(n) = 587*n**2 - 22*n + 41. What is the tens digit of o(2)?
4
Let i(j) = -10*j - 2. Let t be i(6). Let s = t - -87. Suppose -4*b + 105 - s = 0. What is the units digit of b?
0
Let a(i) be the second derivative of -89*i**5/20 - i**3/6 - 9*i. What is the tens digit of a(-1)?
9
Let j = -267 + 1623. What is the tens digit of j?
5
Let o(f) = -3*f**3 - 2*f**2 + 75. Let w(l) = -4*l**3 - 3*l**2 + l + 75. Let s(g) = 3*o(g) - 2*w(g). What is the tens digit of s(0)?
7
Let m = -1618 - -4024. What is the units digit of m?
6
Suppose -2*b = -10 + 28. What is the units digit of 2 - b/(27/12)?
6
Let y be (-7)/(2 - (6 - 3)). Let o = y + -17. What is the units digit of 66*-1*5/o?
3
Suppose 2*t - 5*t = 3*u - 6, 2*u + 5*t + 2 = 0. Suppose 0 = -s + 5*s - z - 426, -5*z = -s + 97. Suppose s = u*q - 93. What is the units digit of q?
0
Let j(p) = -16*p + 24. Let m be j(-15). Let n = -172 + m. What is the tens digit of n?
9
Let l(j) = -j**2 - 7*j + 11. Let z be l(-9). Let f be (-24)/(-14) - 2/z. Suppose f*h - 23 = 9. What is the tens digit of h?
1
Let j = 457 - 446. What is the tens digit of j?
1
Let h = 12 + -12. Suppose 2*u - 118 = -y + 94, -5*y + 5*u + 1030 = h. What is the units digit of y?
8
Suppose 5*g = h - 19, 3*g = 3*h - h - 17. Suppose -x - 2*c = 1, -x - 3*c = 3*x + h. What is the tens digit of ((-4)/6 - x)*39?
1
Let c(s) = 14*s**3 - 2*s**2 + 5*s - 12. What is the tens digit of c(5)?
1
Suppose 10 = -4*s + 2. Let x be (s/4)/((-6)/(-924)). What is the tens digit of (1 + x)*(-4)/16?
1
Suppose m = -2*h - 2*h, 0 = -2*m + h - 45. Let c = -4 - m. What is the tens digit of c?
1
Let k be (24/14)/(4/14). What is the units digit of (3 - k)/((-9)/96)?
2
Let r be 57/15 - 3/(-15). What is the units digit of r + (2 - 1)*67?
1
Let m be 1 + 0 + -2 - -1. Let a(o) = -3*o - 11. Let k be a(-14). Suppose m = -g - 4*t + k, -4*g + 0*t + 64 = 4*t. What is the units digit of g?
1
Let u = 1074 - 743. What is the hundreds digit of u?
3
Let h(z) = 6*z**2 + 13*z + 20. What is the hundreds digit of h(-8)?
3
Let v = 53 - 153. What is the tens digit of v/(-75)*60/1?
8
Let l(y) = 68*y**2 + 15*y - 49. What is the units digit of l(3)?
8
Let s = 32 + -63. Let t = 91 + s. What is the units digit of t?
0
What is the units digit of (-69057)/(-63) - 12/(-14)?
7
Suppose -2*z + 3*z - 2116 = -3*x, 2825 = 4*x + 5*z. Suppose -3*m - 2*m = -x. Let k = m + -67. What is the tens digit of k?
7
Suppose 8 = 2*c + 2*c. Suppose -c*j + 184 = -0*j. What is the units digit of j?
2
Let m(g) = -g**3 - 14*g**2 + 2*g - 23. What is the hundreds digit of m(-15)?
1
Suppose -4*j + j = -2*t - 4, 4*j = 3*t + 4. Suppose 0 = -2*r - t*k + 34, 12 = 4*k + 32. What is the units digit of r?
7
Suppose -4*t + 2*a = -960, -5*t + 664 = -4*a - 539. Let s = -91 + t. What is the units digit of s?
8
Let z(t) = t**3 - 6*t**2 + 4*t + 7. Let p be z(5). Let s be -4 + (p - (-2 - 0)). Suppose s = 5*x - 38 - 147. What is the tens digit of x?
3
Suppose -4*c + 5 = -3*c. Let i(s) = s + 1. Let h be i(7). Suppose 2*f - 31 = j, 3*j + c = f - h. What is the units digit of f?
6
Suppose -10*c = -21 - 9. Let j be ((-3)/1)/((-6)/8). Suppose -5*b = -c*u + 99, -4*u + j*b - 2*b + 132 = 0. What is the units digit of u?
3
Let w(f) = 78*f. Let r be w(8). Suppose 7*i = 4*i + r. What is the tens digit of i?
0
Let s = -17 - -27. Let a(o) = 50 - 3*o - s + 5 + 2*o. What is the tens digit of a(0)?
4
Let y = 1 - -5. Suppose -9 = -y*u + 3*u. Suppose u*d = 4*d - 26. What is the units digit of d?
6
Suppose -8*c + 12768 = 11*c. What is the tens digit of c?
7
Let f(o) = 20*o**2 + 3*o - 28. What is the hundreds digit of f(-9)?
5
Let s(v) = -v**3 - 19*v**2 + 44*v + 41. What is the thousands digit of s(-23)?
1
Suppose u + 16 - 18 = 0. Suppose 3*s - 5*p - 365 = -0*p, -p = -u*s + 248. What is the hundreds digit of s?
1
Let a(x) = x - 1. Let l(z) = 3*z + 14. Let n(o) = 4*a(o) - l(o). Let j be n(0). Let s = j - -37. What is the tens digit of s?
1
Let x = 19 + -17. Let t be -8*(3 - 4)/x. Suppose t*h + s - 198 = 43, -2*h + 117 = -3*s. What is the units digit of h?
0
What is the thousands digit of ((-3)/15)/((-21)/126735)?
1
Suppose 5164 = 4*v + 4*o, -45*o = 3*v - 49*o - 3908. What is the units digit of v?
6
What is the tens digit of (-24)/9*(-10197)/12?
6
Suppose 5*q - 40 = 2*k - 7*k, -13 = -2*q + k. Suppose -h + 2*h - q = 0. What is the units digit of h?
7
Suppose 3*m - b = 5782, -8*m = -9*m - 4*b + 1949. What is the hundreds digit of m?
9
Suppose 3*v - 74 = 82. Let n = -31 + v. What is the units digit of n?
1
Let n(k) = 13*k**2 + 14*k - 2*k - 5*k + k**3 - 8. What is the units digit of n(-12)?
2
Let o(u) = -18*u**2 - 4*u - 12. Let x(s) = -12*s**2 - 3*s - 8. Let g(f) = -5*o(f) + 7*x(f). What is the tens digit of g(-3)?
6
Let u be 1*(42 - 2) + 4. Let q = 108 + u. What is the hundreds digit of q?
1
Suppose 2*y + y - 9 = 0. Suppose 420 = y*h + h. What is the hundreds digit of h?
1
Suppose 5*f = -4*p + 12002, 313 = -3*p - 4*f + 9315. What is the hundreds digit of p?
9
Let f(o) = 2*o**2 + 29*o + 74. What is the tens digit of f(-30)?
0
Let z = -42 + 46. Suppose 102 + 255 = z*r + o, 0 = r + 3*o - 92. What is the units digit of r?
9
Let g(b) = 23*b - 4. Let w(h) be the third derivative of -15*h**4/8 + 3*h**3/2 + 7*h**2. Let v(c) = 5*g(c) + 2*w(c). What is the units digit of v(1)?
3
Suppose 707 + 456 = a + 4*l, -2*a + 4*l + 2314 = 0. What is the tens digit of a?
5
What is the units digit of 46/(-42) - -1 - (-2446907)/1407?
9
Let y(s) = 3*s. Let j be y(-2). Let r = 43 + -39. What is the units digit of (-4)/j*138/r?
3
Let r(w) = w**2 + w + 4. Let l be r(-4). Suppose -1520 = -l*g + 576. What is the units digit of g?
1
Suppose 4*a - 4 = 0, -41163 = -5*t - 0*t - 3*a. What is the hundreds digit of (2/4)/(14/t)?
2
Suppose -10 = 4*o + o, -4*o - 68 = -3*d. Let l = d + -16. Suppose 152 = l*t + 3*n, -4*t + 133 = n - 19. What is the tens digit of t?
3
What is the units digit of (119138/(-355))/(1/(-5))?
8
Let m = 11 + -7. Suppose -5*s - m = -s. What is the units digit of (-2 - -3)/(s/(-4))?
4
What is the units digit of ((-10630)/15 + 10)*(-6)/4?
8
What is the thousands digit of 26/39 + 18545/15?
1
Let f be ((-8)/(-20))/(3/(-30)). What is the hundreds digit of ((-2)/f)/((-1)/(-594) - 0)?
2
What is the units digit of 2 + (1404 - 63/(-9))?
3
Suppose -c = -9*i + 8*i - 155, -c + 3*i + 153 = 0. What is the tens digit of c?
5
Let o be 3 - (-1 + 2) - (0 + -1). Suppose 0*r + 5*y = 2*r - 268, -5*r + 689 = -o*y. What is the hundreds digit of r?
1
Let i = 20 - -6. What is the units digit of (39/i)/(6/(-8)) - -55?
3
Let f be 12 - ((-4)/(-4) + 2). Suppose 0 = -13*t + f*t + 8. Suppose t*q = -0*o + 3*o + 55, 2*o + 85 = 3*q. What is the tens digit of q?
2
Suppose 6*i = 5962 - 580. What is the tens digit of i?
9
Let p = 3093 + -1669. What is the hundreds digit of p?
4
Let c(n) = -n**2 - 10*n - 5. Let j be c(-10). Let l(q) be the third derivative of q**5/60 + q**4/8 - 5*q**3/6 - 2*q**2. What is the units digit of l(j)?
5
Let v(o) = 3946*o - 65. What is the tens digit of v(1)?
8
Let l(s) = 2*s + 2. Let a be l(-3). Let u be (2/3)/(a/(-930)). Suppose -o + u = 4*o. What is the units digit of o?
1
Let w(a) = a**2 + 32*a + 15. What is the hundreds digit of w(7)?
2
Suppose -2*v + 8 = -2*i, 0 = -v + 3*v - 5*i - 17. Let c be (0/((-8)/4))/v. Suppose -3*t + 40 + 17 = c. What is the tens digit of t?
1
Suppose -1063*d + 1058*d = -12415. What is the units digit of d?
3
Let t(s) = 3*s**3 - s**2 + 8*s. Let w be t(6). Let v be (-1)/((-1323)/w + 2). Suppose -4*i + v = i. What is the tens digit of i?
4
Suppose 4*g - 684 = -0*g. Let v = g - 77. Let j = v + -15. What is the tens digit of j?
7
Let p = 42 - 72. Let v = -18 - p. What is the units digit of v?
2
Let k(f) = 3*f**2 + 8*f + 3. Suppose 5*z + 4 = -4*r - 41, -5*z - 45 = 2*r. Let a be k(z). What is the units digit of a/10 + (-3)/(-5)?
8
Suppose 134*r - 414 = 133*r. What is the hundreds digit of r?
4
Let p be 22 + 4 - 0*4/(-8). What is the units digit of p - (3 - -2 - 0)?
1
Suppose -j = h - 6 + 3, 0 = 3*h - j - 1. Let u be -1 - ((15 - -1) + h). Let w = u + 26. What is the units digit of w?
8